ime factors of f?
3, 19
Suppose 122 = 2*a - 2*x, -5 = -7*x + 2*x. List the prime factors of a.
2, 31
What are the prime factors of ((-134)/(-4))/((-1)/(-2))?
67
Let c = -10 + 12. Suppose c*m + m - 48 = 0. List the prime factors of m.
2
Let n(d) = d**2 - 5*d + 9. Let i be n(4). Suppose 4*t = 2*r - 46, -i*t = -t - 12. What are the prime factors of r?
29
Let o = -54 - -90. What are the prime factors of o?
2, 3
Let c = -18 - -64. List the prime factors of c.
2, 23
Let s(z) = z**3 - 19*z**2 - 18*z - 15. What are the prime factors of s(20)?
5
Suppose -4*n - h + 106 = 0, h = -n - 3*h + 34. Suppose -10 = -2*w, -4*w - n = -3*r - 2*w. Suppose 1 = f - r. What are the prime factors of f?
13
Let f = -16 + 257. What are the prime factors of f?
241
Let z be (3/(-5))/((-6)/30). Let b(f) = 4 - f**3 - 13 + 2*f - 7*f**2 + 0*f**z - 11*f. What are the prime factors of b(-6)?
3
Suppose -z + 16 = 3*z. Let c = z - 6. List the prime factors of (5/4)/(c/(-8)).
5
Let q = 68 - 47. Let v = -12 + q. List the prime factors of (-260)/(-36) - 2/v.
7
Let y(q) = -q**2 + 3*q + 4. Let k(l) = -l**2 + 2*l + 5. Let d(j) = -3*k(j) + 4*y(j). What are the prime factors of d(5)?
2, 3
Suppose -3*j + 4*j = -3*v - 26, 0 = -4*v - 2*j - 34. Let g = v - -52. Suppose -3*i + 0*i + g = -z, 4*i = -4*z + 52. List the prime factors of i.
2, 7
Suppose 0*m = 2*o + 3*m + 5, 0 = 5*o - 2*m - 16. Suppose 3*f + b - 81 = 0, -117 = -3*f + b - 36. Suppose -o*t + f = t. List the prime factors of t.
3
Suppose -2*o - 32 = -2*l, -2*l - 14 = -l + 5*o. Let f = l - -2. What are the prime factors of f?
13
Let f = -22 + 4. Let u = 45 + f. What are the prime factors of u?
3
Let z be (-1)/(-1) - (-4 - 0). Suppose 2*t - z = t. List the prime factors of t.
5
Suppose -3*d - 1 + 43 = 0. What are the prime factors of d?
2, 7
Suppose -5*d - 17 = w - 67, 0 = w. Let j(f) be the third derivative of -f**5/60 + 11*f**4/24 + f**3/3 + 3*f**2. List the prime factors of j(d).
2, 3
Suppose -4*y - 5*c + 0*c + 97 = 0, 3*y + 5*c - 74 = 0. What are the prime factors of y?
23
Let t = 9 + -6. Suppose t*w + w - 40 = 0. Let k(d) = -d**3 + 11*d**2 - 9*d - 2. List the prime factors of k(w).
2
Let o(m) = 5*m**3 + m. Let n be o(1). Suppose 5*f + 78 = 3*b, -n*f + f = b - 26. What are the prime factors of b?
2, 13
Let j = 12 + 53. What are the prime factors of j?
5, 13
Let y be -1 + 0 + (-3 - -1). Let j(p) = p**2 + p. Let h be j(y). What are the prime factors of (-4)/h*66/(-4)?
11
Let v(g) = -g**2 - 8*g - 4. Let w be v(-7). Suppose 3*p + 15 = 3*i, -1 + 2 = -w*i - p. What are the prime factors of i + -3 + 1 + 5?
2
Suppose u + 4 = 0, -5*u = -2*x - 3*x - 30. What are the prime factors of ((-24)/x)/(1/5)?
2, 3
Suppose 0 = 3*z - 140 - 145. What are the prime factors of z?
5, 19
Let j(n) = 4 + 2*n + 2*n + 0*n. What are the prime factors of j(3)?
2
Suppose -85 = -j - 4*a, -4*a = -3*j + 27 + 196. List the prime factors of j.
7, 11
Suppose 0 = 4*x + 3*r - 71, x - 3 - 16 = -2*r. List the prime factors of x.
17
Let n(d) = 2*d + 2. Let w be n(-4). What are the prime factors of w/(-18)*(-1 - -52)?
17
Suppose 9 = -4*y - 7. Let i = y + 1. List the prime factors of 28/6*i/(-2).
7
Let y(q) = q**2 - 4*q. List the prime factors of y(9).
3, 5
Let r(u) = 4*u**3 + u. Let c(i) = 7*i**3 + 2*i - 1. Let k(y) = -3*c(y) + 5*r(y). Suppose -l + 2*l - 2 = 4*p, -2*p - 2*l + 4 = 0. List the prime factors of k(p).
3
Suppose -4*q + 7 = g - 0*q, q = g - 12. List the prime factors of g.
11
Let o(n) = -7*n**2 + 11*n + 8. Let k(i) = 6*i**2 - 10*i - 8. Let a(y) = 6*k(y) + 5*o(y). Let p(s) = -s. Let z be p(-7). List the prime factors of a(z).
2, 3
Suppose 2*c - 3*p - 4 = 0, c + 7 = -3*p - 0. Let v = 3 - c. List the prime factors of v.
2
Let q(x) = -17*x**3 + x. Let b be q(1). Let n = -9 - b. List the prime factors of n.
7
Let c(u) be the second derivative of -u**4/12 + 7*u**3/6 + u**2 + u. Suppose 5*s - 29 = -4. What are the prime factors of c(s)?
2, 3
Suppose -6*f + 2*f + 4*d = 88, 0 = f - 3*d + 16. Let p be 50/(-4) + 4/(-8). Let h = p - f. List the prime factors of h.
2, 3
Let h(g) = g**3 - 6*g**2 + 6*g + 3. Let u be h(6). Let v = 57 - u. List the prime factors of v.
2, 3
Let f(l) = l + 7. Let q be f(-5). Suppose -v - 6 = -q*v. Suppose -s = -v - 15. List the prime factors of s.
3, 7
Suppose -489 = -5*y - 139. What are the prime factors of y?
2, 5, 7
What are the prime factors of (28 - -8)*((-6)/(-4))/3?
2, 3
Let n be (-3)/9 - (-13)/3. Suppose -46 = -n*i + 2*c, -5*i + 6 + 32 = 4*c. List the prime factors of i.
2, 5
Let g(p) = 28*p**3 + p**2 + 2*p - 2. Let c(w) = w**3 + 1. Let z(a) = -3*c(a) - g(a). List the prime factors of z(-1).
31
Let d be (-367)/(-3) - 2/(-3). Suppose 0*s + d = 3*s + 3*b, s - 4*b = 51. List the prime factors of s.
43
Let h(y) = -23*y - 39. Let j(d) = -8*d - 13. Let v(c) = 6*h(c) - 17*j(c). List the prime factors of v(-10).
7
Suppose -8 = 3*b + 10. Let w = b - -10. Let d = 13 + w. List the prime factors of d.
17
Let h be 18/(-90) + 1342/10. Let n = h - 83. List the prime factors of n.
3, 17
Let z = 1 - 0. Let c be (10 - 0) + -3 + z. Suppose r + c = 3*r. What are the prime factors of r?
2
Let b(k) = -k**3 - 2*k**2 - 2*k - 2. Let u(y) = -y**3 + y**2 + y + 1. Let p(f) = b(f) + 3*u(f). Let v be p(-1). Let m = v - 0. List the prime factors of m.
5
Suppose -4*g + 3*y = 31, 2*g - 4*y + y + 17 = 0. What are the prime factors of 23 + g/(14/(-4))?
5
Let q = -7 + 13. Suppose q*b - b = 20. Suppose -3*w = 12, 0 = b*n - 5*w - 41 - 7. List the prime factors of n.
7
Let j(c) = -c - 4. Let p be j(0). List the prime factors of (p/1)/(2/(-10)).
2, 5
Let n(u) = 9*u**3 + 23*u**2 + 12. Let r(x) = -5*x**3 - 12*x**2 - 6. Let v(f) = 6*n(f) + 11*r(f). What are the prime factors of v(5)?
31
Suppose -60 = -3*f + 102. What are the prime factors of f?
2, 3
Suppose 66 = i - 4. What are the prime factors of i?
2, 5, 7
Let i(p) = -p**3 - 4*p**2 + p - 3. Let o be i(-5). Let g = 2 - -5. Let r = o - g. What are the prime factors of r?
2, 5
Let k(x) = x**3 + 8*x**2 + 3*x - 7. List the prime factors of k(-4).
3, 5
Let v(t) = t**3 - t + 16. Let h be v(0). Let j be ((-4)/8)/((-1)/h). Suppose -2*m = -j - 16. What are the prime factors of m?
2, 3
Let t be 7/(-2) + 1/(-2). Let h(x) = x**3 - 19*x**2 - 15*x + 25. Let v be h(20). What are the prime factors of v/20 + 1/t?
2, 3
Let i(k) = k**3 + 7*k**2 - 3. Let v be i(-3). Suppose -17 - v = 5*p. List the prime factors of 7 + -7 - 2*p.
2, 5
Suppose 0 = 4*r - 3*r - 8. Let l = r + -5. What are the prime factors of l?
3
Let o(a) = -a**3 - a**2 + 32. Let h be o(0). Let d = h + -16. What are the prime factors of d?
2
Let p be 1 + -2 - 11/1. Let t be p/(4/((-24)/9)). Let u = t - 6. What are the prime factors of u?
2
Let t(z) = 5*z. Let n be t(1). Suppose m - h + 2*h = n, -2*h = 3*m - 10. Let s = m - -15. What are the prime factors of s?
3, 5
Let z(f) = 5*f - 7. Let j be z(5). Let m = 26 - j. List the prime factors of m.
2
Let f(l) = l**3 - 3*l**2 + l - 1. Let b be f(4). Let c = b + -6. List the prime factors of c.
13
Let u(v) = 9*v + 1. Let z(g) = -28*g - 4. Let s(w) = -8*u(w) - 3*z(w). Let q(h) = -23*h - 7. Let i(n) = -6*q(n) - 11*s(n). What are the prime factors of i(2)?
2, 5
Let v = 1 + 74. List the prime factors of v.
3, 5
Let f(p) = -p**3 + 2. Suppose 15 = z - 5*y, 15 = -2*z - 0*z - 5*y. Let l be f(z). List the prime factors of (-2)/2 + (l - -3).
2
Let r(l) = -l**2 + 10*l - 8. What are the prime factors of r(4)?
2
Suppose -5*d = -2*d - 21. Let x = -4 + d. What are the prime factors of x?
3
Suppose -4*y = 1 + 15. Let k be 2/8 + (-7)/y. Suppose k*a - 4*c = 14, -2*a - 3 + 23 = -c. List the prime factors of a.
11
Let v = 17 - -2. List the prime factors of v.
19
What are the prime factors of (-42)/(-9) + (-2)/(-6)?
5
Let q = 136 - 64. Suppose 3*d = -d - q. What are the prime factors of 2 + (d/(-2) - 1)?
2, 5
Suppose 0 = -3*r + 73 - 25. Let d = -2 + r. List the prime factors of d.
2, 7
Let y be 1/(-4) - 570/(-8). Suppose -4*s + 65 = -y. Suppose -f = -3*f + s. List the prime factors of f.
17
List the prime factors of 4/4*-3 - (-948)/3.
313
Suppose -m = -4*m. Suppose m = -x - 3*x + 56. List the prime factors of x.
2, 7
Suppose 0*h - 8 = -4*h. What are the prime factors of 170/25 - h/(-10)?
7
Let y = -41 - -44. Let n be (-2)/(-7) - 12/(-7). Suppose -2*f + 31 = -y*c, -7 =